 Let g(s) = 2 - 7 - 3*s + 2 + 2. Let q(i) = -11*g(i) + 6*m(i). List the prime factors of q(-5).
2
What are the prime factors of -4 + (-16)/24 + (-1030)/(-6)?
167
Let x(z) = z + 19. Let r be x(-15). What are the prime factors of (26/(-4))/((-2)/r)?
13
Let t = -1 + 1. Let p be (5/(-2))/((-1)/2). Let o = t + p. List the prime factors of o.
5
Suppose 3*j - 4*j - 3*h + 2 = 0, j - 4*h + 5 = 0. What are the prime factors of j/(-3) + 53/3?
2, 3
Let a = 7 + -23. Let l = 33 - a. Suppose 4*q + l = 4*f + 13, 0 = -q - 2. List the prime factors of f.
7
Let s(v) = -v**2 + 7*v - 7. Let j be s(6). Let x = j + 2. Let z = x - -3. What are the prime factors of z?
2
Let a = -2 + -7. Let p be (2 - (-21)/a)*0. Let h = 6 - p. List the prime factors of h.
2, 3
Let u(p) = -p**2 - 11*p - 7. What are the prime factors of u(-5)?
23
List the prime factors of (-2)/(-5) + -2 + 6615/25.
263
Let p(i) = -4*i**2 + 10*i - 1. Let n(k) = k**2 - k - 1. Let d(v) = -5*n(v) - p(v). Let c be d(-6). Suppose c = -a + 3 + 5. What are the prime factors of a?
2
Suppose 7*z - 152 = 3*z. What are the prime factors of z?
2, 19
What are the prime factors of 6/4*(-268)/(-6)?
67
Suppose 2*g = -2*t, 0 = 2*g + 3*t - 3 + 5. Suppose -g*v = -4*v. Suppose v*j - j = -14. List the prime factors of j.
2, 7
Let d be (12/(-9))/((-2)/(-36)). Let x be 0 + -13 + -2 + 2. Let i = x - d. List the prime factors of i.
11
Let i(b) = 6*b + 135. What are the prime factors of i(0)?
3, 5
Let d(q) = q**2 + 4*q + 3. Let n be d(-2). Let l be 10*(2/1 + n). Let f = 29 - l. What are the prime factors of f?
19
Let m = 1 - -1. Suppose 2*y + 4*f = -m, -10 + 0 = 5*f. Suppose -y*j = -5 - 1. What are the prime factors of j?
2
Let w(l) = l**2 - 7*l + 4. Let s be w(7). Let j be (s/10)/((-2)/(-30)). Suppose 0 = 5*p - 9 - j, -x = -2*p - 11. What are the prime factors of x?
17
Let x(i) = i**2 - 2*i - 4. Let j be 1/(2/(-8)) + -1. List the prime factors of x(j).
31
Let h(d) = 3*d - 4. Let y be h(3). Let c be y + (-1 - -1) + -2. Suppose 2*f + 2 = c*f. List the prime factors of f.
2
List the prime factors of (-1)/(-5) + -9*566/(-30).
2, 5, 17
Let k = 0 - -3. Suppose 3 = -2*p + k*p. Suppose 6*r - p*r = 24. What are the prime factors of r?
2
Let a be 1 - (3 - 1 - -14). Let v = 7 + a. List the prime factors of (v/5)/(9/(-90)).
2
List the prime factors of (-815)/(-4) + 7/28.
2, 3, 17
Suppose 11*t - 7*t = 960. Suppose -4*m + t = 2*m. List the prime factors of m.
2, 5
Let i = 321 - 141. What are the prime factors of i?
2, 3, 5
Suppose 0*c + 5 = -c. List the prime factors of (-15)/(-1) - (4 + c).
2
List the prime factors of -3 + 82*(-3)/(-6).
2, 19
Let k(h) = h + 8. What are the prime factors of k(11)?
19
Let v = -4 - -6. Suppose -22 = -2*w - 4*t, -v*w - 6*t + 3*t = -21. List the prime factors of w.
3
Let q(y) = -y**3 + y**2 + 2*y + 3. List the prime factors of q(-3).
3, 11
Suppose 104 = 2*x + 16. What are the prime factors of x?
2, 11
Let i = 23 + -8. Suppose -2*f - i = -7*f. Suppose -f*p = -0*p - 24. List the prime factors of p.
2
Let u be ((-8)/12)/(6/9). What are the prime factors of u - -44 - 2 - 2?
3, 13
Suppose 8*n = 10*n - 24. Suppose 0 = n*j - 8*j - 24. What are the prime factors of j?
2, 3
Let s = -1 + 7. What are the prime factors of (4/s)/((-2)/(-81))?
3
Let g be 3*-1*10/(-6). Suppose 5*k + h = g, 3*k - 4*h - 11 = -31. Suppose -5*r = -k*r - 65. List the prime factors of r.
13
Let b(i) = 2*i**2 - 2*i - 2. Let a be b(2). What are the prime factors of (a + (-27)/12)*-8?
2
Suppose -6*v + v = -190. List the prime factors of v.
2, 19
Let j be (-2)/(-2) - (-6)/(-3). What are the prime factors of (-6 + 4)/(1/j)?
2
Let r = -30 - -151. What are the prime factors of r?
11
Let k(g) = g**3 - g**2 - g + 4. Let r be k(0). Suppose c - r = 41. List the prime factors of 260/c - (-2)/9.
2, 3
Let l(p) = -p + 7. What are the prime factors of l(-6)?
13
Let q(m) = 30*m**2 - m - 1. List the prime factors of q(1).
2, 7
Let f be (-4664)/72 + (-2)/9. Let v = -33 - f. List the prime factors of v.
2
Let o be -1 - (2*-3)/(-3). Let x = -2 + o. Let f(b) = b**2 + 3*b - 5. What are the prime factors of f(x)?
5
Let h = 6 - 6. Suppose 0 = -z + 2*u - 3, h = -z + 3*z + 4*u - 18. List the prime factors of z.
3
Suppose -h = -6*h + 30. Suppose -6*i = -4*i - h. Suppose -i*x + 15 = -2*x. What are the prime factors of x?
3, 5
Let i = -8 + 17. Suppose -1 = 5*g + i. List the prime factors of -1 + (18*g)/(-3).
11
Let g(r) = -24*r**3 - r**2. Let z be g(1). What are the prime factors of 18/(-12) + z/(-2)?
11
Let x = -52 - -73. List the prime factors of x.
3, 7
List the prime factors of 2*(0 + -3 + 4 + 26).
2, 3
Suppose 4*y - 16 = 0, 2*y - 8 = -3*a + 9. Suppose -5*d - 9 = -a*t, -2 = -4*d - 2*t + 4. Suppose d*l + l - 3 = 0. List the prime factors of l.
3
Suppose -4*s - 8 = 0, -2*s + 2 = -f + 17. Let l = 7 - f. List the prime factors of l/(-14) - (-246)/21.
2, 3
Suppose 6 = -2*c - 0. Let s(m) = 2*m**2 + 2*m + 1. Let o be s(-1). What are the prime factors of c + 2/o - -4?
3
List the prime factors of (-939)/(-5) + 1/5.
2, 47
Let k(u) = u**3 - 3*u**2 + u + 5. What are the prime factors of k(4)?
5
Let q(f) = -f**2 + 30*f - 15. What are the prime factors of q(14)?
11, 19
What are the prime factors of 2261/6 + 3/18?
13, 29
Suppose 0 = -2*o - 4 - 0. List the prime factors of 29 - (3 + 3*o).
2
Suppose 36*d + 220 = 40*d. What are the prime factors of d?
5, 11
Let r = 32 + 2. List the prime factors of r.
2, 17
Let m = -22 + 24. Let d = 4 - 6. What are the prime factors of ((-5)/m)/(1/d)?
5
Suppose 4*c = -5*i - 2, -2*c + 2*i - 6*i - 4 = 0. What are the prime factors of c?
2
Let m(t) = t**2 + 12*t + 4. Suppose 0 = 2*f - 3*h + 29, -2 - 1 = -3*h. List the prime factors of m(f).
17
Suppose 2*m = -3*m - 60. Let t(q) = q**3 + 13*q**2 + 10*q - 8. What are the prime factors of t(m)?
2
Let c(w) = 0*w**2 + 6 - 6*w - 4*w**2 + 5*w**2. What are the prime factors of c(7)?
13
Suppose -3*i - 3*f + 42 = 0, 3*i + f + 28 = 5*i. List the prime factors of i.
2, 7
Let d(m) = m**2 + m - 7. What are the prime factors of d(-5)?
13
Suppose 2*f - 9*f + 721 = 0. Suppose -128 = -7*u + f. What are the prime factors of u?
3, 11
Let j(m) = 14*m**2 - 2. Let n be j(-3). Suppose 3*s + 4*y + 0*y = n, 0 = 5*s + 4*y - 196. Let z = s + -26. What are the prime factors of z?
2, 5
Let z(r) = r**2 - 2*r + 2. Let w be z(5). Suppose 5*n - w = -2*s + 32, s = -3. List the prime factors of n.
11
Let s(t) = t**3 - 6*t**2 + 7*t - 5. Let o be s(5). Suppose -5*p - k = -3*p + 20, -o*k = -20. What are the prime factors of (-1)/3 - 76/p?
2, 3
Let s be 0 + (0 - 0)/3. Suppose -3*n - z + 10 = -25, 3*z - 15 = s. Suppose 2*q - 30 = -q - 3*w, q - 4*w = -n. What are the prime factors of q?
2, 3
Let b = -2 + 3. Let a(l) = b - 3*l + 3*l + l. What are the prime factors of a(6)?
7
Let w(c) = c + 2. Let f be w(8). Let m be -2 + (2 - 1) - 2. Let b = m + f. What are the prime factors of b?
7
Let f = 62 + 252. What are the prime factors of f?
2, 157
Let h(b) be the second derivative of b**5/20 + b**4/2 - 3*b**3/2 + 4*b**2 - 4*b. List the prime factors of h(-7).
2, 11
Let t be 24/18*6/4. Suppose 3*z + 1 = -t. List the prime factors of (-2)/z + 20 + -2.
2, 5
Let p(m) = 5*m**2 + m - 2. Let g(d) = -14*d**2 - 3*d + 5. Let z(f) = -4*g(f) - 11*p(f). List the prime factors of z(-6).
2
What are the prime factors of -3 + 4 + 1 + (-212)/(-4)?
5, 11
Let r be 34 - (2 + -2 + -2). Let a be (-51)/(-2) - (-1)/2. Let p = r - a. What are the prime factors of p?
2, 5
Let s = 13 + -3. Let k = s + -3. What are the prime factors of 2 + 0/2 + k?
3
Let h(q) be the third derivative of q**5/60 + q**4/2 + 8*q**3/3 - 2*q**2. What are the prime factors of h(-12)?
2
Let y(p) = 5*p - 4*p + p**2 + 0*p**3 + 20 + p**3. List the prime factors of y(0).
2, 5
Let q = 28 - 20. What are the prime factors of (-244)/(-11) - q/44?
2, 11
Let t(s) = s**3 + 7*s**2 + 6*s - 4. Let p be t(-6). Let j = -4 - 2. Let z = p - j. List the prime factors of z.
2
Suppose 0 = 5*l - s - 25, 2*l + 3 = -s + 20. List the prime factors of l.
2, 3
Let j = 38 - 10. Suppose 3*c - 44 - j = 0. What are the prime factors of c?
2, 3
Let g(l) = 2*l**2 - 3*l - 6. What are the prime factors of g(5)?
29
Suppose -5*n + 8 = -3*n. Let s(j) = 2*j**2 - 3*j**2 - j**3 + 5*j**2 - 4 + 2*j. What are the prime factors of s(n)?
2
Let g(f) = f**2 - 